 in base 7?
2351236
957666 (base 15) to base 5
3310100241
Convert 133140 (base 7) to base 4.
12020130
Convert -1071707 (base 8) to base 5.
-33314113
What is -1005025431 (base 6) in base 13?
-21a1c50
What is 10693 (base 11) in base 2?
11110001101101
What is 12224003402 (base 5) in base 14?
1d3d0d2
12210112100011 (base 3) to base 16
2f0329
-111011110000001011 (base 2) to base 4
-323300023
Convert -190c895 (base 15) to base 4.
-1011223310300
Convert -30001310 (base 4) to base 15.
-e8e8
What is -322113111 (base 4) in base 15?
-4ac76
Convert -551234415 (base 6) to base 14.
-144b0dd
132222001 (base 4) to base 16
1ea81
c212b (base 13) to base 9
578404
Convert -122131221 (base 4) to base 14.
-2b705
Convert -1001001100001011101000 (base 2) to base 3.
-11112101210100
What is -25d81 (base 14) in base 12?
-45b39
-89315a (base 11) to base 4
-11123233210
Convert 583806 (base 9) to base 16.
5596e
Convert 694368 (base 10) to base 8.
2514140
Convert 11247b (base 13) to base 14.
a7866
Convert -268105 (base 10) to base 11.
-173482
What is 10300351 (base 6) in base 3?
120102012011
Convert 5858309 (base 10) to base 8.
26262005
What is -12303444 (base 5) in base 6?
-2320025
Convert -97b8ac (base 15) to base 3.
-111121012201200
1222313223 (base 4) to base 9
736416
Convert -21220111101120 (base 3) to base 14.
-7b5601
What is -12421660 (base 7) in base 16?
-11441e
121111103 (base 4) to base 9
167302
373962 (base 12) to base 10
898202
102001 (base 3) to base 10
298
-263411 (base 8) to base 7
-531653
What is 1875049 (base 11) in base 2?
1100000101101110001100
Convert 2000100211 (base 4) to base 14.
d964d
Convert 11810150 (base 9) to base 16.
5866d1
-1bf615 (base 16) to base 2
-110111111011000010101
Convert 39529 (base 12) to base 8.
231261
Convert -24 (base 11) to base 5.
-101
What is 322361 (base 13) in base 3?
2012202010212
Convert 887426 (base 16) to base 4.
202013100212
What is -924052 (base 10) in base 2?
-11100001100110010100
Convert -13b6bc (base 13) to base 8.
-1656010
200100222011110 (base 3) to base 14
14218d1
Convert 5142331 (base 6) to base 2.
111100010000001111
Convert 1b180b3 (base 12) to base 4.
111331232013
Convert 143a7b (base 12) to base 10.
338495
Convert -4554044 (base 9) to base 10.
-2456770
-54ab86 (base 12) to base 2
-101001000101000010110
1132537 (base 8) to base 11
1a0923
-636d (base 15) to base 7
-115210
Convert 10532300 (base 8) to base 2.
1000101011010011000000
Convert -10100011010100110 (base 2) to base 10.
-83622
Convert 205081 (base 13) to base 12.
3041a4
-33651 (base 15) to base 6
-3300334
1020021012111 (base 3) to base 4
2133313012
20764714 (base 8) to base 11
256aa1a
-12818 (base 16) to base 15
-176d5
What is -6a615 (base 12) in base 2?
-100010110011110001
-1122311122 (base 4) to base 16
-5ad5a
217337 (base 11) to base 3
122121020222
Convert -21220222221 (base 3) to base 12.
-76344
Convert -192382 (base 14) to base 5.
-211433013
Convert -dd21b (base 16) to base 6.
-31225151
11111001001100110111 (base 2) to base 5
230130402
-1508cb0 (base 14) to base 11
-5866892
What is -a683a (base 11) in base 12?
-75b27
2666284 (base 9) to base 8
5445642
827171 (base 10) to base 16
c9f23
332069 (base 10) to base 13
b81ba
-a2b4 (base 14) to base 8
-66526
Convert -1a11a (base 14) to base 11.
-4570a
What is 2222012002 (base 3) in base 5?
3332312
1006734 (base 9) to base 6
15255221
Convert -12b489 (base 13) to base 7.
-3565532
What is -113243430 (base 6) in base 16?
-205d6a
Convert -65c5f (base 16) to base 14.
-abcbd
Convert -ac71a2 (base 15) to base 11.
-4708832
What is -20504140 (base 8) in base 12?
-1563394
What is 204ab8 (base 14) in base 5?
234314441
Convert 4733434 (base 9) to base 14.
4a9604
59ab2d (base 14) to base 12
1039531
-1a62a (base 14) to base 16
-105fe
Convert -6c903 (base 15) to base 2.
-1010100100010100110
89884c (base 13) to base 6
153325321
-298322 (base 10) to base 15
-5d5d2
-434609 (base 14) to base 8
-10542461
Convert -378511 (base 16) to base 2.
-1101111000010100010001
Convert 205342413 (base 6) to base 10.
3621609
Convert 6ac57 (base 13) to base 9.
327071
1010111000010010 (base 2) to base 14
12350
-5305616 (base 7) to base 15
-c9c78
What is -6ab5b4 (base 16) in base 4?
-122223112310
-246034616 (base 7) to base 10
-15538550
Convert -108548 (base 12) to base 3.
-111101100202
Convert 7a41 (base 14) to base 11.
14a46
What is 53013551 (base 6) in base 12?
6242b7
6445a (base 12) to base 5
13210344
-2d69b (base 14) to base 11
-78570
-596990 (base 10) to base 6
-20443502
Convert 103000220032 (base 4) to base 15.
68680a
Convert -1901346 (base 13) to base 4.
-133022323020
Convert -3197316 (base 10) to base 12.
-10a2370
Convert -16106300 (base 7) to base 11.
-968411
-145597 (base 14) to base 4
-2230130101
What is -231014 (base 9) in base 13?
-4b088
Convert 12010211001 (base 3) to base 5.
11214242
Convert 26557a (base 13) to base 6.
31502255
Convert -303331201 (base 4) to base 3.
-101210221201
533003035 (base 6) to base 12
318347b
What is -36654312 (base 7) in base 13?
-8b2ba0
What is 111023201 (base 5) in base 4?
1312222203
What is 395e2 (base 16) in base 9?
387286
Convert 4c063 (base 15) to base 10.
243093
What is -1323111404 (base 5) in base 12?
-1148374
What is -301313020 (base 5) in base 13?
-32c310
Convert -366163 (base 7) to base 8.
-202643
Convert -2248625 (base 9) to base 14.
-238393
507b7 (base 13) to base 6
3031150
What is -1ac9b (base 13) in base 11?
-36648
Convert -704461 (base 8) to base 16.
-38931
What is 518374 (base 11) in base 15?
116343
-10125341 (base 6) to base 10
-291517
Convert 312210123 (base 5) to base 12.
52156b
97674 (base 11) to base 13
4c77b
Convert -4282927 (base 11) to base 15.
-9dad54
Convert 166605 (base 10) to base 13.
5aaaa
-51051421 (base 6) to base 10
-1453189
-7a8ac8 (base 13) to base 2
-1011000101000000011011
What is 11101100001100111 (base 2) in base 16?
1d867
Convert -113441332 (base 5) to base 13.
-157810
Convert -a33359 (base 13) to base 2.
-1110100001001001011001
Convert -58801 (base 12) to base 2.
-11100111110000001
-2210301130 (base 4) to base 6
-22244324
-343235 (base 7) to base 16
-eefa
-23110124 (base 5) to base 4
-302201002
4ab87 (base 13) to base 3
21000112221
746864 (base 12) to base 2
111000000010101001100
Convert 2362743 (base 8) to base 15.
cc300
What is -1323000 (base 5) in base 12?
-134a9
Convert -1011111101100000011 (base 2) to base 14.
-a2b99
What is 25805 (base 14) in base 13?
32c17
What is 12134424 (base 5) in base 13?
40454
Convert 5504171 (base 8) to base 13.
3c9207
What is -3097321 (base 10) in base 12?
-1054521
-136288 (base 12) to base 15
-65535
What is 12644d (base 14) in base 12?
265885
-11651663 (base 7) to base 12
-42a455
13d9be (base 15) to base 7
11065022
-3442345 (base 6) to base 14
-48625
10212003001 (base 4) to base 3
2021012011001
Convert 2102120021 (base 3) to base 15.
e267
Convert 25a0d (base 16) to base 9.
254370
-12011202110111 (base 3) to base 9
-5152414
Convert -352201 (base 7) to base 10.
-63211
What is 34341240 (base 5) in base 2?
1001011011011010001
Convert -131aba (base 16) to base 4.
-10301222322
What is -20112332221 (base 4) in base 11?
-1267377
What is -39b98 (base 14) in base 16?
-22b9a
-23b89 (base 16) to base 6
-3045213
Convert 14475472 (base 8) to base 9.
6202170
Convert 101022012012112 (base 3) to base 14.
a27712
What is -16a64ba (base 12) in base 13?
-c86152
1122001022102 (base 3) to base 2
11010011101011000000
What is -44227a (base 11) in base 5?
-140041014
-2145231 (base 8) to base 13
-172326
Convert 42143403 (base 6) to base 2.
100101011100000111011
2200021022010 (base 3) to base 5
331004443
What is 2110276 (base 9) in base 6?
40105323
What is -18335 (base 16) in base 2?
-11000001100110101
Convert -242524255 (base 6) to base 10.
-4614731
What is 4bacd1 (base 16) in base 5?
2232200231
Convert -3cc97 (base 15) to base 13.
-6ab19
31002132032 (base 4) to base 10
3417998
237507 (base 8) to base 14
21b03
93200 (base 10) to base 7
535502
What is 630063 (base 8) in base 11?
132a92
Convert -155004 (base 12) to base 5.
-43024111
176353 (base 12) to base 14
a7779
Convert -12162c (base 14) to base 12.
-259bb4
Convert -20554241 (base 9) to base 3.
-200121211021101
-1100100000000011 (base 2) to base 14
-14935
-3769a25 (base 11) to base 13
-1481277
Convert 